is -133314025 + -1?
-133314030
In base 14, what is -3398a7 - 1b?
-3398c4
In base 15, what is -11 + 266ee6?
266ed5
In base 8, what is -5 + -153173543?
-153173550
In base 7, what is 410456236 + 5?
410456244
In base 4, what is -1 - -122231131121?
122231131120
In base 8, what is 4230170276 + 1?
4230170277
In base 14, what is 3bc - -12a03?
12dc1
In base 10, what is -162 - 687449?
-687611
In base 7, what is -25623 + -614?
-26540
In base 6, what is 31531 - 3212525?
-3140554
In base 13, what is 1 + -5591b9b1?
-5591b9b0
In base 7, what is 0 - 6164216?
-6164216
In base 5, what is -3 + 1231234442?
1231234434
In base 11, what is 128434a91 - -4?
128434a95
In base 15, what is -a181 + -94b?
-aacc
In base 7, what is -21 - -46502324?
46502303
In base 5, what is 231304231 + 4?
231304240
In base 9, what is 43660337 - 4?
43660333
In base 15, what is -12 + -dc791?
-dc7a3
In base 8, what is 75 + 360237?
360334
In base 10, what is -99631 - 595?
-100226
In base 10, what is -31 + -32948?
-32979
In base 11, what is 48910 - 445?
48476
In base 15, what is -b244c3 - 5?
-b244c8
In base 7, what is 15325 - 1141666?
-1123341
In base 5, what is -3 - 2212312032?
-2212312040
In base 6, what is -13331 + 32131?
14400
In base 15, what is 504658 + -3e?
504619
In base 3, what is -2022100 - -211221111?
202122011
In base 14, what is -88a6a + 8?
-88a62
In base 2, what is 1101010010 - -111100001011?
1001001011101
In base 7, what is -16304231 - -266?
-16303632
In base 7, what is -6 - 21140646?
-21140655
In base 12, what is -5a8aba9a + 4?
-5a8aba96
In base 14, what is 1ac6c - -170c?
1c57a
In base 12, what is -41128 + 1894?
-3b454
In base 10, what is 189459 + 3009?
192468
In base 16, what is 2 + a45a25e?
a45a260
In base 10, what is 2 + 47053437?
47053439
In base 7, what is -1 + 11521513344?
11521513343
In base 16, what is -7 + -796d0?
-796d7
In base 12, what is 757 + 14401?
14b58
In base 8, what is -432 - 101064?
-101516
In base 15, what is 51 + -2a3eb3?
-2a3e62
In base 4, what is -11 - -1122310000323?
1122310000312
In base 7, what is 11265 - 41156?
-26561
In base 11, what is -1660186 - -63?
-1660123
In base 15, what is 1 + be921a?
be921b
In base 4, what is -23213300 + -323?
-23220223
In base 12, what is -7a + -38028?
-380a6
In base 7, what is 12 + -243335460?
-243335445
In base 15, what is 402 - -5ae91?
5b393
In base 7, what is -22200 + 63?
-22104
In base 9, what is -18674 - -14516?
-4157
In base 15, what is 1 + 148e49b?
148e49c
In base 13, what is -1a60 + 2080?
320
In base 5, what is -1020322314 - -4?
-1020322310
In base 12, what is 473124 - -7a?
4731a2
In base 8, what is -2172711 + -422?
-2173333
In base 5, what is 124 + -101341402?
-101341223
In base 3, what is 1020111121 - -220?
1020112111
In base 12, what is 35 + -1118098?
-1118063
In base 15, what is 146c - 872?
aea
In base 3, what is -210102112 + -2020220?
-212200102
In base 9, what is 6678764 + -1?
6678763
In base 4, what is 11300112310 + 21?
11300112331
In base 6, what is -5420525 + 115?
-5420410
In base 12, what is 2 + 4872aa6?
4872aa8
In base 2, what is 100 + 1011100011011101000?
1011100011011101100
In base 16, what is -211 - -26af?
249e
In base 2, what is -1001110010010000101111 - 1?
-1001110010010000110000
In base 16, what is afa - 1f2a?
-1430
In base 10, what is -5 + -1740361?
-1740366
In base 9, what is 102114 + 26?
102141
In base 4, what is 3320231 - -231033?
10211330
In base 3, what is 100212 - 110220112202?
-110220011220
In base 15, what is 69b + -2893b?
-28290
In base 11, what is 5 - 29977a?
-299775
In base 2, what is -1100000 - 1100101110?
-1110001110
In base 5, what is -22241 - -1134342?
1112101
In base 7, what is -32646 - 20322?
-53301
In base 11, what is -6 - 7639a6?
-763a01
In base 9, what is 244 - -650514?
650758
In base 7, what is -243501 - 511?
-244312
In base 2, what is -100 - 1001110011101000101010011110?
-1001110011101000101010100010
In base 16, what is -35fd5c + 5?
-35fd57
In base 7, what is -15 - -22646534?
22646516
In base 4, what is -20 + -2323110130?
-2323110210
In base 12, what is 340a18 - -15?
340a31
In base 9, what is -636 + -275247?
-275884
In base 4, what is -22001130213 + -3?
-22001130222
In base 16, what is -3 - 3d523a?
-3d523d
In base 15, what is 347dd0 - -99?
347e79
In base 15, what is 4038 - 144c?
2adb
In base 15, what is -973b + -214?
-9950
In base 2, what is 1010 + -1010000001010010100000?
-1010000001010010010110
In base 4, what is -2021133211 - -213?
-2021132332
In base 13, what is 305c420 - -1?
305c421
In base 9, what is 25202 + 20086?
45288
In base 6, what is 20232212 + 2202?
20234414
In base 5, what is 1032121410 + -110?
1032121300
In base 2, what is 1000100001001011 - -1011?
1000100001010110
In base 9, what is 3 - 725661650?
-725661646
In base 8, what is -23 - -41524074?
41524051
In base 5, what is 202 + -101322212?
-101322010
In base 2, what is 11000110000 + 10111100001100?
11010100111100
In base 9, what is -1274277 + -18?
-1274306
In base 12, what is 205937 + 55?
205990
In base 3, what is -12102120 - -121020?
-11211100
In base 13, what is -1b23 + 8a14?
6bc1
In base 6, what is 1 - -53021413?
53021414
In base 3, what is 202221121120 + 120220?
202222012110
In base 4, what is 1023313212 - -33?
1023313311
In base 9, what is 623814170 - 1?
623814168
In base 14, what is 1db048b + 11?
1db049c
In base 4, what is 2212 - 2203122211?
-2203113333
In base 6, what is 131422 + -20155?
111223
In base 12, what is 0 + -22a72b?
-22a72b
In base 2, what is -111100100 - 11000100001110101?
-11000101001011001
In base 9, what is 261003 + -45?
260847
In base 16, what is 1d32ee + -21?
1d32cd
In base 13, what is -ba - 2a701?
-2a7bb
In base 11, what is -102 + -136170?
-136272
In base 8, what is 2630615 + 4?
2630621
In base 3, what is 2010 + 21102100112211?
21102100121221
In base 5, what is 10 - -4344200114?
4344200124
In base 15, what is 2 + 57912c?
57912e
In base 7, what is -235032 - 15462?
-253524
In base 14, what is -76d - 7687?
-8016
In base 16, what is 3442 + 858?
3c9a
In base 14, what is 23 - -a4119?
a413c
In base 8, what is -15572 - 23607?
-41401
In base 8, what is 2067760654 + -5?
2067760647
In base 15, what is e64648 - 2a?
e6461d
In base 9, what is 5 - 3676118?
-3676113
In base 2, what is 100111010 + 111100100011110010101?
111100100100011001111
In base 10, what is -70324 - 84?
-70408
In base 8, what is 660103 - 34?
660047
In base 16, what is -128c + -14a?
-13d6
In base 15, what is 2 - 23093e4?
-23093e2
In base 2, what is -11 + 1011111010111000110000?
1011111010111000101101
In base 6, what is -2035105020 + 1?
-2035105015
In base 14, what is 25 - -21693?
216b8
In base 13, what is -1aa41c - -a?
-1aa412
In base 5, what is 23 - 10113132243?
-10113132220
In base 9, what is 4 + 40645740?
40645744
In base 14, what is 5 + 458b4a?
458b51
In base 10, what is -15919 - -821?
-15098
In base 3, what is -2122120021 - -10002001?
-2112111020
In base 12, what is -1905a + -172?
-19210
In base 14, what is -1101 + -2047a?
-2157b
In base 13, what is 24122 + -271?
23b81
In base 8, what is -1104 + 1466040?
1464734
In base 7, what is 23562232 - 3?
23562226
In base 8, what is -1 + 325476315?
325476314
In base 11, what is 29010 + -20?
28aa0
In base 11, what is 8aa76a18 + -1?
8aa76a17
In base 8, what is -1074 - 54040?
-55134
In base 6, what is 223535 + 11424?
235403
In base 10, what is 267743 - 4110?
263633
In base 3, what is -21222012020112110 + 2?
-21222012020112101
In base 8, what is 534104 + -404?
533500
In base 16, what is 7f7554 - 5?
7f754f
In base 2, what is 101110011000010110000001101 + -110?
101110011000010110000000111
In base 15, what is 2c7 + 124eb?
127c3
In base 4, what is -1123010010 + -110?
-1123010120
In base 10, what is 724068 + -1?
724067
In base 10, what is -86 - -264564?
264478
In base 7, what is -2612 + -20311?
-23223
In base 8, what is 31643440 + -5?
31643433
In base 4, what is 23232102 + 1331?
23300033
In base 3, what is -121 - 2200212002121210?
-2200212002122101
In base 9, what is 3 + 23232651?
23232654
In base 13, what is -7158 - -81a?
-663b
In base 13, what is 4a291b8 - 1?
4a291b7
In base 10, what is -1474 - 56065?
-57539
In base 14, what is 15d66 - 346?
15a20
In base 10, what is -24635949 + -10?
-24635959
In base 16, what is 2a1d5b + b?
2a1d66
In base 8, what is 0 - -4017436?
4017436
In base 8, what is -2